
What is 12110201221122 (base 3) in base 4?
23011330220
Convert 123023312 (base 4) to base 2.
11011001011110110
What is -1e638e (base 15) in base 6?
-51530212
What is 1443414 (base 6) in base 2?
10100011100100010
What is -1022011221011 (base 3) in base 9?
-1264834
What is -64796 (base 12) in base 15?
-293a0
Convert -11010001111110111 (base 2) to base 10.
-107511
What is -16b49 (base 12) in base 13?
-11b9b
Convert 1003134343 (base 5) to base 16.
1e9a5e
What is 9684 (base 16) in base 9?
57763
What is 3310032023 (base 4) in base 7?
11334263
What is -100212201022 (base 3) in base 11?
-12309a
What is -1a0213 (base 11) in base 3?
-120122002221
Convert 278b6a (base 13) to base 10.
962036
2134882 (base 10) to base 6
113431414
What is c17a1 (base 13) in base 6?
11230551
-5e661 (base 15) to base 9
-510011
1100010010101011 (base 2) to base 4
30102223
What is 377057 (base 10) in base 9?
634202
What is -639a03 (base 11) in base 14?
-1c8d77
What is 3402427 (base 9) in base 11?
1041721
-2d512 (base 15) to base 14
-3b439
-44113111 (base 5) to base 15
-77521
Convert 11144200 (base 5) to base 4.
120121111
What is 12344422 (base 5) in base 4?
131300012
What is 1144765 (base 14) in base 15?
ac9826
What is -d57e1 (base 15) in base 12?
-2877aa
-2115625 (base 8) to base 9
-1048736
Convert -1694802 (base 11) to base 2.
-1010111110001000011010
Convert 188c4a (base 16) to base 10.
1608778
Convert 15480 (base 9) to base 3.
112112200
What is -1223411013 (base 5) in base 7?
-34036536
-1277b (base 15) to base 8
-163272
Convert -26666040 (base 7) to base 14.
-484390
Convert -10101110010001001000001 (base 2) to base 10.
-5710401
What is 727035 (base 8) in base 6?
5100325
Convert -42551425 (base 7) to base 4.
-31311101110
What is 201300223033 (base 4) in base 14?
126539d
310455 (base 7) to base 14
1549c
-4444510 (base 7) to base 14
-104140
What is -6e7b9 (base 16) in base 4?
-1232132321
-10123528 (base 9) to base 5
-2220422013
Convert -33614433 (base 8) to base 2.
-11011110001100100011011
What is 1001101110111011011 (base 2) in base 7?
2465565
What is 1375612 (base 11) in base 16?
2414b3
Convert -30606403 (base 7) to base 10.
-2573728
Convert 1030161 (base 8) to base 16.
43071
What is -100205525 (base 6) in base 9?
-3165068
112102102122 (base 4) to base 15
7a5eb9
Convert 2e298 (base 15) to base 11.
a201a
13404220 (base 5) to base 12
67a90
What is -17929 (base 15) in base 3?
-10212200110
Convert -1010100220010 (base 3) to base 7.
-5036400
-397926 (base 14) to base 4
-13203130332
-18027 (base 9) to base 12
-722a
-12101001121 (base 3) to base 15
-214ed
What is -3003424223 (base 5) in base 10?
-5920563
149534 (base 11) to base 9
383510
Convert -2349506 (base 10) to base 13.
-643553
Convert -3101845 (base 12) to base 8.
-43103565
Convert 267419 (base 10) to base 9.
446742
Convert -169435 (base 10) to base 11.
-106332
What is 6567656 (base 8) in base 13?
49a66b
What is 236ba8 (base 12) in base 5?
121300302
What is 24340131 (base 5) in base 16?
3850a
10200106 (base 7) to base 9
1545777
Convert -2c831 (base 15) to base 12.
-6b124
What is -200102211110 (base 3) in base 7?
-3041034
Convert -11655151 (base 7) to base 16.
-101c5f
10011100001111001010101 (base 2) to base 6
301421421
What is 311330230 (base 4) in base 11?
141024
1946784 (base 11) to base 4
30202312331
Convert -7476753 (base 8) to base 3.
-10202112011200
5130120 (base 6) to base 12
b9940
1132023230 (base 4) to base 5
44321042
-1200112210210 (base 3) to base 9
-1615723
-2001341124 (base 5) to base 4
-33000123122
What is -7ac74 (base 14) in base 16?
-48f36
Convert 3ae557 (base 16) to base 5.
1442003144
-67253236 (base 8) to base 6
-1234523410
Convert 325460 (base 7) to base 13.
20042
What is 149022 (base 12) in base 5?
42103404
What is -20120202202212 (base 3) in base 7?
-41512160
What is -88a00 (base 14) in base 8?
-1206750
What is 1288288 (base 10) in base 4?
10322201200
Convert -3312242 (base 6) to base 16.
-28502
What is -10000101010110100001111 (base 2) in base 4?
-100222310033
Convert 278294 (base 12) to base 16.
a0690
What is -36886 (base 10) in base 8?
-110026
1344725 (base 9) to base 11
4647a7
What is 177352 (base 10) in base 15?
37837
Convert 81508 (base 10) to base 12.
3b204
What is 1992b0 (base 14) in base 8?
3357012
What is 111200220200022 (base 3) in base 14?
d77609
-3dee (base 15) to base 9
-20178
What is -794a930 (base 11) in base 8?
-65072066
What is -220100000022 (base 3) in base 15?
-96dab
-1253536 (base 7) to base 6
-3305521
What is -542006 (base 8) in base 10?
-181254
2b18b (base 13) to base 5
10102243
1282310 (base 10) to base 4
10321010012
353850 (base 12) to base 14
18423a
Convert 79934 (base 12) to base 2.
100111100011111000
Convert -54a991 (base 15) to base 14.
-77082a
What is 404d9 (base 16) in base 7?
2144613
Convert -1121023121 (base 4) to base 13.
-ca34c
Convert 1853554 (base 10) to base 2.
111000100100001110010
45353021 (base 6) to base 10
1383493
What is -231933c (base 13) in base 4?
-221100232011
-2303230043 (base 5) to base 9
-10583317
Convert fe19 (base 16) to base 14.
199c5
-48cd91 (base 14) to base 2
-1001100000111100010011
What is -3a139 (base 12) in base 9?
-131260
What is -1511345 (base 6) in base 7?
-512120
26a45a (base 12) to base 16
9c406
Convert 4221122224 (base 5) to base 6.
511551150
Convert -64241045 (base 7) to base 12.
-19b1108
-434339 (base 12) to base 16
-103fdd
What is 28853 (base 15) in base 7?
1051245
What is -15104 (base 14) in base 12?
-26354
-7bd475 (base 15) to base 12
-1b944b5
What is 65829 (base 10) in base 2?
10000000100100101
What is -11012221021 (base 3) in base 15?
-19924
What is b1d21 (base 14) in base 15?
86bb7
Convert -57a8 (base 11) to base 8.
-16704
-1ceff8 (base 16) to base 15
-276d95
What is -10000101000110110100 (base 2) in base 5?
-114421304
Convert 101011010100001010100 (base 2) to base 3.
2200002222110
What is 40713370 (base 8) in base 4?
200321123320
a99d3 (base 14) to base 2
1100100010010110101
-31075 (base 10) to base 14
-b479
144244103 (base 5) to base 12
314533
What is 2cc06 (base 14) in base 15?
23348
13213121200 (base 4) to base 6
110442304
30212123001 (base 4) to base 2
1100100110011011000001
Convert -68c534 (base 13) to base 4.
-21132110222
Convert -3fd8 (base 16) to base 14.
-5d56
-1110111200011 (base 3) to base 4
-2331312010
What is -101020022220 (base 3) in base 9?
-336286
Convert -10100111010101011001 (base 2) to base 6.
-22405053
16045103 (base 7) to base 10
1540808
Convert 1437416 (base 8) to base 12.
178a92
-352053 (base 8) to base 13
-42724
12202435 (base 6) to base 2
1011111000100010111
50323b (base 14) to base 13
735c3b
-3314410 (base 5) to base 9
-86756
22102201010010 (base 3) to base 2
10001000110001110111000
-122032231231 (base 4) to base 11
-3977061
Convert -11262b (base 13) to base 2.
-1100010111100110011
Convert 52266666 (base 7) to base 13.
bb23a8
What is 202022122210210 (base 3) in base 9?
22278723
2fb92 (base 16) to base 4
233232102
-7a4a7b (base 12) to base 14
-38d5cb
-11212022000 (base 3) to base 10
-95715
What is -11243333 (base 6) in base 5?
-42114410
163348 (base 9) to base 8
305031
What is 34220000 (base 5) in base 3?
120110112011
What is -1110000000201 (base 3) in base 13?
-20b546
What is 2212245 (base 6) in base 16?
1b065
-35204 (base 9) to base 12
-1171a
What is 428934 (base 11) in base 10?
685260
What is 8d971 (base 15) in base 6?
13355554
Convert 22569 (base 10) to base 12.
11089
What is -14377 (base 13) in base 4?
-21101002
Convert -b890 (base 16) to base 6.
-1002424
What is 110110000111110100 (base 2) in base 3?
102021002112
Convert -c9b0a (base 13) to base 9.
-614740
Convert 12b05c2 (base 14) to base 13.
1b41867
What is -113220003133 (base 4) in base 5?
-3041142000
Convert -c87c8 (base 13) to base 5.
-43033110
What is d0520 (base 14) in base 13?
146a07
What is -1011110010001011000000 (base 2) in base 13?
-842082
What is -2031303111 (base 4) in base 3?
-1002111201220
What is -388304 (base 10) in base 3?
-201201122122
47663 (base 13) to base 3
20122022102
What is 12c313 (base 16) in base 4?
10230030103
Convert -9137759 (base 10) to base 9.
-18166575
Convert -4583152 (base 9) to base 6.
-125022032
Convert 1020202110020 (base 3) to base 5.
132230244
What is 2d1c2b (base 14) in base 11?
98a248
Convert -10110101